 3*i - 3. What are the prime factors of b(-5)?
3, 19
Let o be (-16)/(-88) - (-68)/(-11). Let v(u) = u. Let s be v(3). List the prime factors of -2 - o/s - -12.
2, 3
Let o be (-1 - 2) + 1 + 2. Suppose o*k + 12 = k. What are the prime factors of k?
2, 3
Let z(d) = -d + 4. Let q be 2/(-6) + (-40)/(-12). Let x be z(q). Suppose -5*m + 19 = -x. What are the prime factors of m?
2
Let h = 8 - 6. What are the prime factors of (1 - h - 2) + 31?
2, 7
Let p = 4 + -5. Let q be 4 - 3 - (-3 - p). Suppose -k = -0*s - 3*s + 24, -q*s + 2*k = -24. What are the prime factors of s?
2
Let x(r) = -12*r + 24. Let s be x(12). List the prime factors of ((-6)/4)/(9/s).
2, 5
Let x(w) = w + 11. Let v be 16/6*(3 + -6). Let u be 9/(-2)*v/(-6). List the prime factors of x(u).
5
Suppose 20*p - 2884 = 6*p. List the prime factors of p.
2, 103
Let c = -19 - -20. List the prime factors of c*10 + (-3 - -2).
3
Suppose -3*u + 3*w = -66, -3*u = u - 5*w - 88. List the prime factors of u.
2, 11
Let i(b) = -21*b + 2. Let f(x) = 11*x - 1. Let t(l) = 5*f(l) + 2*i(l). Suppose -5*a = -10*a + 5. What are the prime factors of t(a)?
2, 3
Suppose -2*h + 44 + 60 = 0. Let c = -35 + h. What are the prime factors of c - (-3 + 1)/(-1)?
3, 5
Suppose 3*d - 671 = -4*a + 5*a, 2*d - 3*a - 452 = 0. List the prime factors of d.
223
Suppose -v - 4*r = -8*r - 26, 5*r = -v + 17. List the prime factors of v.
2, 11
Let i = -429 - -690. What are the prime factors of i?
3, 29
Let d(b) = -6*b**2 + 4*b + 1. Let q(i) = -13*i**2 + 8*i + 3. Let j(k) = -9*d(k) + 4*q(k). What are the prime factors of j(5)?
3, 11
Let m(z) = 3*z + 4. Let h(l) = -l**2 - 4*l - 4. Let q(g) = -3*h(g) - 4*m(g). Let n be q(-3). Let i = -14 + n. List the prime factors of i.
3
Let q(f) be the second derivative of f**4/2 - f**3/3 - f**2/2 + f. Let u(k) = k**3 + 2*k**2 - 2*k + 2. Let j be u(-3). What are the prime factors of q(j)?
7
Let p = 27 + -10. What are the prime factors of p?
17
Suppose 122 = -2*i + 3*i. Suppose 3*s + 2*r + i = 0, 45 = -s - 2*r - 3*r. List the prime factors of (-410)/s - (-2)/(-8).
2, 5
Let n be 1 - (2/(-2) - -2). Suppose n = -l + 3 - 0. What are the prime factors of l?
3
Suppose 5 + 20 = -k. Let j = k - -45. Suppose 0 = -0*m - 2*m + j. What are the prime factors of m?
2, 5
Let u(v) = v**2 + 5*v - 1. Let a be (1/2)/((-2)/24). Let r be u(a). Suppose -3*n - 9 = 0, -2*n - 6 = -r*b + 25. What are the prime factors of b?
5
Suppose g = 4*c - 3, -c - 3*c - 5*g + 9 = 0. Let h(v) = -1 + c + 10 + v. List the prime factors of h(-7).
3
Let l = 12 - 8. List the prime factors of l.
2
Let t(c) = -c**2 + 13*c - 9. Let a be t(7). Suppose -3*x = 2*x - 4*i + a, i = x + 7. What are the prime factors of 38/4 + x/(-10)?
2, 5
Suppose 0 = -3*f - 4 + 13. Suppose 2*s - 27 = -f. What are the prime factors of s?
2, 3
Let y be (-5)/(-4)*((4 - 2) + 2). Let j be (-1 + 9/(-2))*-2. Suppose y*q - j - 4 = 0. List the prime factors of q.
3
Suppose -3*n + 30 = 2*n. Suppose 3*q + 54 = n*q. List the prime factors of q.
2, 3
Suppose 327 = 4*l - 3*j + 82, 0 = -4*j + 4. Suppose 10 = -4*p + l. List the prime factors of p.
13
Suppose 0*l = 3*a - l - 69, -3*l - 63 = -3*a. What are the prime factors of a?
2, 3
Let u be (-2)/(((-18)/(-15))/3). Let j = 10 + u. Suppose -2*z + 0 = 3*p - 3, 4*p = j*z - 65. What are the prime factors of z?
3
Suppose 11 - 1 = 5*z. What are the prime factors of 4/(-8)*(-20)/z?
5
Let b(z) = 2*z + 14. List the prime factors of b(7).
2, 7
Let b = 0 + 0. Let w(s) be the first derivative of s**4/4 - s**2/2 + 14*s + 4. What are the prime factors of w(b)?
2, 7
Let q = -78 + 89. List the prime factors of q.
11
Let b(g) = 3*g + 9. List the prime factors of b(13).
2, 3
Let l(o) = -o**2 - 62. Let f be l(0). Let x = -25 - f. What are the prime factors of x?
37
Let a(d) be the second derivative of -d**3/6 + 6*d**2 - 6*d. List the prime factors of a(-13).
5
Let s = -16 + 91. What are the prime factors of s?
3, 5
Let u(h) be the first derivative of -h**2/2 - 2*h - 1. Let v be 6/((-3)/(3/1)). List the prime factors of u(v).
2
Let o(u) = u**3 + 5*u**2 + 2*u + 2. Let d be (0 + 2)*1*-1. What are the prime factors of o(d)?
2, 5
Suppose 3*d = -g + 687, -5*d + 3*g = 5*g - 1146. List the prime factors of d.
2, 3, 19
Suppose 8*v - 142 = 242. List the prime factors of v.
2, 3
Let v(o) = 60*o**2 + 2*o + 1. What are the prime factors of v(-1)?
59
Let l(a) = -a**3 + 4*a**2 - 2*a - 13. List the prime factors of l(-4).
3, 41
Let i(j) = -2*j**3 + 33*j**2 - 11*j - 29. What are the prime factors of i(16)?
3, 17
Let q(p) = -7*p - 1. Let a be q(2). Let u be (-2)/(-3) - 20/a. Suppose -u = h - 6. List the prime factors of h.
2
Suppose o = 16 - 0. What are the prime factors of o?
2
List the prime factors of 4/(-18) + (-6081)/(-27).
3, 5
What are the prime factors of (((1 - -2) + -551)/(-2))/2?
137
Suppose 20 = 5*r - 0. Suppose -3*x = r*j + 8 + 3, -5*x - j = -10. Suppose -l - x = 0, -3*y - 2*l = -4 - 14. What are the prime factors of y?
2
Let x be (-2 - -3)/((-3)/(-3)). Let k be -9 - ((3 - x) + -3). Let z = k + 20. What are the prime factors of z?
2, 3
Let f(q) = 42*q**2 - 2*q - 3. List the prime factors of f(-1).
41
Suppose 4*i = 5*i - 7. Let q = i + -8. Let f(g) = 8*g**2 + g. What are the prime factors of f(q)?
7
Suppose -3*l + c + 32 + 47 = 0, -l + c + 25 = 0. List the prime factors of l.
3
Let r = 4 - 2. Suppose x - 4 - r = 0. Suppose p + 3*k = -9, x*p + 1 = 5*p - k. What are the prime factors of p?
3
Let t be 0/((6/(-3))/1). Suppose t = -2*f + 5*z - 5, 2*f - 3*z - 45 = -8*z. List the prime factors of f.
2, 5
Suppose 2*y - 6 = 0, 4*l - l = -5*y + 36. Let z(j) = 7*j + 4 + 1 - 8*j**2 + j**3 + j. What are the prime factors of z(l)?
2, 3
Let y = -445 + 715. List the prime factors of y.
2, 3, 5
Let c(n) = 4*n**3 - 2*n**2 - 7*n + 8. What are the prime factors of c(4)?
2, 3, 17
Let w = 2 + 46. What are the prime factors of w?
2, 3
Let f(d) = -14*d**2 - 2*d + 1. Let s be f(1). Let g be (-6)/s + (-3)/(-5). What are the prime factors of (-3 - -13)*(2 - g)?
2, 5
Let r(c) = c - 3. Let p be r(6). Suppose p*h = -h + 104. What are the prime factors of h?
2, 13
Suppose m - 6*x = -x, 0 = -2*x. Suppose 0 = 5*k, m*k - 2*k = -2*g + 34. What are the prime factors of g?
17
Let k(i) = 0*i - 11 - i + i**2 - 6*i - 4*i. List the prime factors of k(14).
31
Let h be (-18)/(-4)*(-4)/(-6). Let q = 10 + -6. Suppose -h*n = -q*n + 13. List the prime factors of n.
13
Let s(c) = -c**2 + c + 2. Let r be s(2). List the prime factors of (-4 - -7) + -1 + r.
2
Suppose -5*l + 5 = -10. Let u(z) = -3 + 4 - z - l + 3*z. List the prime factors of u(4).
2, 3
Let r be 0 - (-3)/(3/2). Suppose -r*d = -d - 10. What are the prime factors of d?
2, 5
Let y = -13 - -9. What are the prime factors of 54 + (y/(-1))/4?
5, 11
Let z(d) = -2*d + 3*d + d. Let g be z(2). Let c(j) = j**2 + j - 5. What are the prime factors of c(g)?
3, 5
Suppose -73 = -4*k - 0*n - 3*n, -4*n = -2*k + 42. Suppose -25 = -4*q + k. What are the prime factors of q?
11
Suppose -1 = 4*b - 41. List the prime factors of (-44)/55 + 148/b.
2, 7
Suppose 0 = 7*h - 3*h. Suppose h = -2*v + 35 + 31. List the prime factors of v.
3, 11
Let p(n) = -n**2 - 2*n + 2. Let a be p(3). Let f = -11 - a. List the prime factors of f.
2
Let b(a) = 2*a**2 + 11*a + 12. What are the prime factors of b(-7)?
3, 11
Let w(o) = 5*o**2 - 4*o - 10. List the prime factors of w(-4).
2, 43
Suppose 0 = -4*z + l + 32, 0*z - 2*z + 16 = -l. Let u = z + 4. What are the prime factors of u?
2, 3
Suppose -k = k + 28. Let m = -8 - k. What are the prime factors of m?
2, 3
Let v(o) = -12*o + 3. Let a be v(-2). Suppose 0 = 5*p - 103 - a. What are the prime factors of p?
2, 13
List the prime factors of (84/1)/((1 - -4)/5).
2, 3, 7
Let v be 48/28 + (-4)/(-14). Suppose -v*n + 2*a + 10 = 0, -4*a - a - 17 = -3*n. List the prime factors of n.
2
What are the prime factors of ((-24)/(-3) - -2) + -2?
2
Let v(i) = -i**2 + 7*i - 7. Let d be v(5). Let l be 112/5 - 2/5. Suppose -d*w + w = -l. What are the prime factors of w?
11
Let k be 2/(-8) - 1/(-4). Suppose k*m - 2*m = 0. Suppose -4*i - i + 60 = m. List the prime factors of i.
2, 3
Let p(j) be the third derivative of 0*j + j**3 - 1/24*j**4 + 0 + j**2. List the prime factors of p(3).
3
Suppose 0 = 3*o + 4*w - 1, -1 = w - 2*w. Let f(s) = -16*s - 1. Let l be f(o). List t